 hundred thousands digit of 7102444?
1
What is the ten thousands digit of 2178480?
7
What is the thousands digit of 6903493?
3
What is the hundred thousands digit of 2168164?
1
What is the thousands digit of 6275358?
5
What is the tens digit of 261613?
1
What is the units digit of 84557?
7
What is the millions digit of 1731752?
1
What is the hundreds digit of 548579?
5
What is the hundreds digit of 652487?
4
What is the hundreds digit of 1054354?
3
What is the tens digit of 6787146?
4
What is the hundred thousands digit of 207841?
2
What is the tens digit of 169047?
4
What is the ten thousands digit of 4767229?
6
What is the thousands digit of 10594085?
4
What is the hundreds digit of 165868?
8
What is the tens digit of 12462644?
4
What is the units digit of 419883?
3
What is the hundreds digit of 6724409?
4
What is the ten thousands digit of 7189903?
8
What is the millions digit of 5627918?
5
What is the hundreds digit of 4130226?
2
What is the hundreds digit of 8692448?
4
What is the hundreds digit of 1015393?
3
What is the ten thousands digit of 527778?
2
What is the thousands digit of 454037?
4
What is the millions digit of 6177226?
6
What is the hundred thousands digit of 1198134?
1
What is the hundred thousands digit of 728977?
7
What is the millions digit of 17934222?
7
What is the hundreds digit of 1268851?
8
What is the ten thousands digit of 15344386?
4
What is the tens digit of 8151022?
2
What is the hundreds digit of 180289?
2
What is the ten thousands digit of 179319?
7
What is the millions digit of 14431426?
4
What is the hundred thousands digit of 428581?
4
What is the ten thousands digit of 5671520?
7
What is the thousands digit of 230576?
0
What is the thousands digit of 4663360?
3
What is the ten thousands digit of 7222165?
2
What is the hundred thousands digit of 10492485?
4
What is the millions digit of 1077702?
1
What is the thousands digit of 1111832?
1
What is the units digit of 517045?
5
What is the tens digit of 4171818?
1
What is the hundred thousands digit of 228649?
2
What is the hundred thousands digit of 4451083?
4
What is the hundred thousands digit of 10042699?
0
What is the hundreds digit of 172237?
2
What is the tens digit of 22461506?
0
What is the tens digit of 438664?
6
What is the thousands digit of 4083464?
3
What is the units digit of 4179269?
9
What is the tens digit of 4298782?
8
What is the thousands digit of 335898?
5
What is the ten thousands digit of 410907?
1
What is the hundreds digit of 3837455?
4
What is the hundred thousands digit of 1662290?
6
What is the tens digit of 10318283?
8
What is the millions digit of 2194984?
2
What is the tens digit of 3985360?
6
What is the thousands digit of 1319978?
9
What is the hundreds digit of 9767283?
2
What is the ten millions digit of 26027741?
2
What is the ten thousands digit of 6573629?
7
What is the hundreds digit of 368072?
0
What is the hundred thousands digit of 502063?
5
What is the ten thousands digit of 7017180?
1
What is the units digit of 2569596?
6
What is the units digit of 984195?
5
What is the ten thousands digit of 3044268?
4
What is the ten thousands digit of 294087?
9
What is the thousands digit of 10443987?
3
What is the hundreds digit of 16886116?
1
What is the tens digit of 11345887?
8
What is the hundreds digit of 185630?
6
What is the units digit of 294450?
0
What is the hundred thousands digit of 652102?
6
What is the thousands digit of 160481?
0
What is the hundreds digit of 5542661?
6
What is the thousands digit of 667490?
7
What is the units digit of 2781078?
8
What is the ten millions digit of 13735616?
1
What is the millions digit of 1539494?
1
What is the units digit of 187326?
6
What is the ten thousands digit of 18062809?
6
What is the units digit of 291143?
3
What is the hundred thousands digit of 665816?
6
What is the thousands digit of 198698?
8
What is the millions digit of 1050288?
1
What is the ten thousands digit of 110582?
1
What is the ten thousands digit of 579877?
7
What is the ten thousands digit of 270282?
7
What is the hundreds digit of 42362?
3
What is the thousands digit of 1648688?
8
What is the thousands digit of 2772103?
2
What is the units digit of 62764?
4
What is the thousands digit of 2286545?
6
What is the hundreds digit of 14231396?
3
What is the ten thousands digit of 12806769?
0
What is the thousands digit of 448271?
8
What is the hundreds digit of 397115?
1
What is the thousands digit of 9995?
9
What is the hundred thousands digit of 3157929?
1
What is the units digit of 497871?
1
What is the hundreds digit of 158718?
7
What is the hundred thousands digit of 1121361?
1
What is the units digit of 507738?
8
What is the units digit of 248285?
5
What is the hundreds digit of 900?
9
What is the tens digit of 2976438?
3
What is the units digit of 868410?
0
What is the thousands digit of 942184?
2
What is the units digit of 3371664?
4
What is the hundred thousands digit of 1069028?
0
What is the millions digit of 7239792?
7
What is the hundreds digit of 35143?
1
What is the units digit of 2553020?
0
What is the hundreds digit of 4883874?
8
What is the hundred thousands digit of 1961790?
9
What is the millions digit of 4847412?
4
What is the millions digit of 8044862?
8
What is the thousands digit of 2231842?
1
What is the hundred thousands digit of 177182?
1
What is the hundred thousands digit of 9706818?
7
What is the tens digit of 2441536?
3
What is the hundred thousands digit of 194128?
1
What is the hundred thousands digit of 188412?
1
What is the hundreds digit of 369839?
8
What is the hundred thousands digit of 3445840?
4
What is the millions digit of 14248992?
4
What is the ten thousands digit of 2690591?
9
What is the units digit of 3499489?
9
What is the thousands digit of 12094436?
4
What is the units digit of 63796?
6
What is the units digit of 196949?
9
What is the millions digit of 13563706?
3
What is the units digit of 447369?
9
What is the units digit of 235525?
5
What is the tens digit of 18271777?
7
What is the hundred thousands digit of 522023?
5
What is the thousands digit of 4265406?
5
What is the hundreds digit of 178292?
2
What is the ten thousands digit of 60774?
6
What is the millions digit of 17151881?
7
What is the tens digit of 821508?
0
What is the tens digit of 1173913?
1
What is the millions digit of 7733797?
7
What is the hundred thousands digit of 137369?
1
What is the hundred thousands digit of 6093913?
0
What is the tens digit of 10449738?
3
What is the tens digit of 666002?
0
What is the tens digit of 384579?
7
What is the thousands digit of 16202770?
2
What is the hundred thousands digit of 465023?
4
What is the hundred thousands digit of 356261?
3
What is the units digit of 63936?
6
What is the hundred thousands digit of 104245?
1
What is the ten thousands digit of 2939884?
3
What is the units digit of 485455?
5
What is the tens digit of 20814863?
6
What is the hundreds digit of 2943889?
8
What is the thousands digit of 991682?
1
What is the hundred thousands digit of 1342619?
3
What is the thousands digit of 2283576?
3
What is the hundred thousands digit of 176644?
1
What is the hundreds digit of 773442?
4
What is the tens digit of 484812?
1
What is the hundred thousands digit of 18422401?
4
What is the tens digit of 154206?
0
What is the thousands digit of 356839?
6
What is the ten millions digit of 12965492?
1
What is the units digit of 28452?
2
What is the thousands digit of 2725222?
5
What is the tens digit of 882054?
5
What is the hundreds digit of 99222?
2
What is the ten millions digit of 23195295?
2
What is the tens digit of 152793?
9
What is the ten thousands digit of 19549586?
4
What is the ten thousands digit of 880879?
8
What is the thousands digit of 141931?
1
What is the tens digit of 163097?
9
What is the thousands digit of 476471?
6
What is the hundreds digit of 26129600?
6
What is the ten thousands digit of 131149?
3
What is the ten thousands digit of 5265746?
6
What is the hundreds digit of 42123?
1
What is the units digit of 15235338?
8
What is the hundred thousands digit of 2057400?
0
What is the ten millions digit of 26915536?
2
What is the hundred thousands digit of 17654229?
6
What is the units digit of 373573?
3
What is the units digit 